hest common divisor of 35 and w?
7
Let h = -1 + 2. Let w = 11 + -9. Calculate the greatest common factor of w and h.
1
Let i(s) = 13*s**2 + 1 - 5 - s + 5 - 3. Let v be i(-1). Calculate the greatest common divisor of 48 and v.
12
Suppose 4*x + 3*u = 491, 2*u + 585 = 3*x + 2*x. Suppose 5*m - 5 = -5*p, -p - 15 = 2*p. Let f be (102/18)/(2/m). What is the greatest common factor of x and f?
17
Let s(d) = 2*d**2 - 2*d - 6. Let q be s(3). What is the greatest common divisor of q and 54?
6
Suppose -2*s = -2*n + 78, 2*s = -n + 12 + 15. Let y(h) = -3*h**2 + 3*h - 1. Let l be y(2). Let c be 2/l + 37/7. What is the greatest common divisor of c and n?
5
Suppose l + l + n = 181, -455 = -5*l - 5*n. Let v = 14 + -24. Let g(q) = -q. Let o be g(v). Calculate the highest common factor of o and l.
10
Let i be (-182)/(-9) + (-2)/9. Suppose g + 10 - 2 = r, -5*r = -3*g - 32. What is the highest common factor of r and i?
4
Let f(k) = -2*k + 26. Let r be f(-5). Calculate the highest common divisor of 6 and r.
6
Suppose 4*n - 8*n = -432. What is the highest common divisor of 36 and n?
36
Let o(h) be the first derivative of -41*h**2/2 + h - 1. Suppose 8 = -3*s + 5. Let n be o(s). Calculate the greatest common divisor of n and 7.
7
Suppose -4*n = -0*v + v - 17, 0 = -5*n + 2*v + 5. Let w(l) = -l**3 + 3*l**2 + 2*l. Let z be w(3). What is the highest common factor of n and z?
3
Let a be (-23)/(-1) + 1/1. Let q(p) = 2*p - 14. Let s be q(7). Suppose -r + s*r = -8. What is the highest common divisor of a and r?
8
Let l(v) = v**2 + 1. Let o(z) = -5*z**2 - 3*z - 12. Let t(k) = 6*l(k) + o(k). Let h be t(5). Calculate the highest common factor of h and 40.
4
Suppose u = -0*u + 1. Let m = 5 + -3. Let r = 3 - m. What is the greatest common factor of r and u?
1
Let y = -34 + 40. Calculate the highest common factor of 54 and y.
6
Suppose 0 = -5*s + 14 + 16. Let x be (s/5)/(2/10). Suppose a + 4*r = 1 + 25, 3*a - 4*r = 142. Calculate the highest common factor of a and x.
6
Let v(p) = -41*p - 3. Let j be v(-3). Let y(n) = 12*n**2 - 3*n**2 + 0*n + 8*n + n**3 + 5 - 2*n**2. Let l be y(-5). What is the highest common factor of l and j?
15
Let k = -24 - -48. Calculate the greatest common divisor of 16 and k.
8
Suppose f = -0*f + 4*m - 14, -2*m = -4*f + 14. Suppose 12 = c - 0*c. What is the highest common factor of c and f?
6
Let p = -114 + 115. Let d be 1/(-2) - (-21)/2. Calculate the greatest common factor of p and d.
1
Suppose 4*t - 97 = -j, 3*t - 5*j + 5 - 49 = 0. Suppose -t = -4*n - 3. Suppose 0 = n*w - 25 - 55. Calculate the greatest common factor of 16 and w.
16
Let b = -18 + 9. Let w be (b/6)/((-3)/28). What is the greatest common factor of 126 and w?
14
Suppose 2*v - 3 = 3*x + 7, -3*x = 3*v - 15. Suppose -5*q - 2*z + 14 = v, 5*z + 18 = q. Calculate the highest common factor of 27 and q.
3
Suppose t - 2*t + 6 = 0. Let j be t + ((-2)/(-1) - 4). Suppose -p + 23 + 1 = 0. What is the greatest common factor of p and j?
4
Let i(w) = -1. Let c(h) = 2*h - 3. Let j(x) = c(x) - 3*i(x). Let p be j(5). Calculate the highest common factor of p and 30.
10
Suppose 0 = -2*i + 6, -3*c - 19 = -7*c + 3*i. What is the greatest common divisor of c and 168?
7
Let y = -16 + 26. What is the greatest common divisor of 2 and y?
2
Let l be (-6)/15 + 14/10. Let n be 32 + l/(2 + -1). Calculate the highest common factor of n and 11.
11
Suppose -4*h + 72 + 324 = 0. Calculate the highest common divisor of h and 11.
11
Let r(x) = x**2 - x + 4. Let o be r(3). Calculate the highest common factor of o and 25.
5
Suppose 97 = 5*o - 143. Let i(w) = -w**2 - 6*w + 1. Suppose 3 + 5 = -j + 3*p, -4*p = 2*j + 6. Let h be i(j). What is the greatest common factor of h and o?
6
Let j be (-4754)/11 + (-14)/(-77). Let t be 5*(j/15)/(-4). Calculate the highest common divisor of t and 9.
9
Suppose -5*j - 4*k + k = -25, -3*k + 13 = -j. Let n be (9/j)/((-1)/(-14)). What is the greatest common divisor of 21 and n?
21
Let r(p) = -5*p**2 - 1 - p**2 + 5*p**2 - 57*p**3 - p. Let n be r(-1). Let f be (6/(-18))/(1/(-42)). What is the greatest common factor of f and n?
14
Suppose 38 = 2*t - 0*t. What is the highest common divisor of 57 and t?
19
Let v = 60 + -27. Suppose -2*y + 88 = 2*y. What is the highest common divisor of y and v?
11
Let o be 86 + 3/((-12)/(-16)). Calculate the greatest common divisor of o and 18.
18
Let m be 1*3/(-6)*-4. Suppose m*v = v - 2*l + 10, 2*v - 16 = -3*l. Let d(z) = 20*z**2 - z - 2. Let s be d(v). Calculate the greatest common divisor of s and 19.
19
Suppose 0 = -8*g + 11*g - 12. What is the greatest common factor of 4 and g?
4
Let s = 626 + -1004. Let y be (-2 - (-6)/4)*s. Suppose y - 489 = -4*f - 3*p, 0 = -2*f - 4*p + 160. What is the highest common factor of f and 18?
18
Let w be 5/((0 + (-15)/(-72))*4). What is the greatest common divisor of w and 48?
6
Suppose -3*l = -9, -5*y - 2 = 4*l + 131. Let m = 42 + y. What is the highest common divisor of 117 and m?
13
Suppose -8 = 2*y - 4*y, -1020 = 4*f - 4*y. Let b be 7/49 - f/7. Suppose 4*t + 40 = 2*l, 3*l = -4*t - 0*t + 20. What is the highest common factor of l and b?
12
Suppose 3*l + 24 = 5*l. What is the greatest common divisor of 132 and l?
12
Let b be -2 - (1 + -1 - 22). What is the greatest common factor of 20 and b?
20
Let u(o) = -7*o - 26. Let f be u(-7). Calculate the greatest common factor of f and 115.
23
Let n(s) = s + 8. Let i be n(4). Let o(p) = -p**3 - 2*p**2 + 6*p + 4. Let a be o(-4). Calculate the greatest common divisor of a and i.
12
Let s(n) = n**3 + 4*n**2 - n - 4. Let l be s(-4). Let r be (-1 - l) + 0 + 4. Let x be -12*r*2/(-4). What is the greatest common divisor of 45 and x?
9
Let n(h) = h**2 + 9. Let r = -5 + 0. Let c be 2/r + 4/10. Let l be n(c). Calculate the highest common factor of l and 45.
9
Suppose -5*c + 312 = -0*u - u, 2*c = 2*u + 120. What is the highest common factor of c and 9?
9
Suppose 446 = 3*m + w, 2*m - 3*m = 4*w - 134. Calculate the highest common factor of m and 30.
30
Suppose -5*i - 8 = -i. Let s be 6*1*(1 + i). Let h(w) = w**2 + 3*w - 3. Let q be h(s). Calculate the greatest common factor of q and 10.
5
Suppose 0 = -0*h + 3*h - 39. What is the greatest common divisor of h and 13?
13
Suppose 12*z = 7*z + 110. What is the highest common divisor of 2 and z?
2
Let p = 19 + -25. Let r = p + 16. What is the greatest common factor of 10 and r?
10
Let d = -7 + 36. What is the highest common factor of d and 232?
29
Let m(y) = y**2 - 4*y - 21. Let d be m(12). What is the highest common divisor of d and 30?
15
Let w(u) = 20*u**2 - 3*u - 2. Let m be w(-2). Calculate the highest common factor of 56 and m.
28
Let g = 49 + -36. What is the highest common divisor of g and 1?
1
Let c be (-1 - -2) + 3 - 1. Let v(m) = 8*m - 2. Let b be v(c). Calculate the highest common factor of 33 and b.
11
Suppose 2*w + 0*w = -16. Let b be (1/(-3))/(w/504). What is the greatest common divisor of b and 14?
7
Suppose -116 + 41 = -5*t. Suppose 4*v = 257 - 17. What is the highest common divisor of v and t?
15
Suppose 3*f - 3*a = 2*a + 15, 4*f - 2*a - 6 = 0. Let c be 4 + -9 - (-1 + f). Let n = c + 7. Calculate the greatest common divisor of n and 21.
3
Let f(p) = 7*p - 8. Let w be f(9). Suppose -3*u + 2*t = -w, 0 = 4*t + t + 25. What is the highest common factor of 3 and u?
3
Let g(a) = -56*a - 4. Let r be g(-4). What is the highest common factor of r and 20?
20
Let s = 29 - 5. Suppose -3*z = -673 - 119. What is the greatest common factor of s and z?
24
Suppose -y + 9 = -3*h, -2*h = -2*y + 5 + 5. Let k be (24 - (1 + h)) + -1. Let g = -18 - -30. Calculate the greatest common divisor of g and k.
12
Let k be 25/(-5)*(-2)/(-2). Let f = k + 38. Suppose y - f = 9. What is the greatest common factor of y and 28?
14
Suppose 6*x - 460 = 50. Suppose g - 20 = -3. Calculate the highest common divisor of x and g.
17
Let p be (-4)/(-26) - 552/39. Suppose -2*t = 5*x - 126, 3*x + x - 108 = -4*t. Let u = x + p. Calculate the greatest common factor of u and 70.
10
Let d = 6 + 13. Let p = d + 2. Calculate the greatest common factor of p and 3.
3
Let u = 8 + -6. Suppose u*n = 3 + 17. Suppose -2*p - 3*j = -25, -p - p + 20 = 4*j. Calculate the highest common factor of n and p.
10
Let b be 10/4 - 2/(1*4). Calculate the greatest common factor of 5 and b.
1
Let u(i) = i**2 - 4*i +